7. Let k be u(2). Is (2/(-10 - k))/((-1)/(-283)) a prime number?
False
Let q(u) = u**2 + 8*u + 12. Let v be q(-6). Suppose v = -5*l + r - 33376 + 95563, -5*l - 4*r = -62202. Is ((-2)/(3 - -1))/((-9)/l) a prime number?
True
Let p(l) = -36*l + 113. Let y be p(-34). Suppose 27*h = 20*h + y. Is h prime?
True
Let t(r) = 4*r - 43. Let j be t(12). Suppose 0 = -3*k + 12, -3*m = j*k - 31301. Is m a composite number?
False
Suppose -5*o - o + 8784 = 0. Suppose 3*r - o = -5*n, n = -5*r - n + 2459. Is r a prime number?
False
Suppose -200*l + 29105290 = 390*l. Is l composite?
False
Let f(h) = 19*h**2 + 2156*h - 106. Is f(99) composite?
False
Suppose 5*x + 4*a + 3431 = 0, 3*x + 2*a - 719 = -2778. Let h = 1349 + x. Is h a composite number?
True
Suppose -10*v + 242 - 52 = 0. Let x(c) = 2*c**3 - 25*c**2 - 13*c - 23. Let g be x(v). Suppose -764 + g = m. Is m prime?
True
Suppose 2*x = 5 - 59. Let h be (-3)/6 + x/(-6). Suppose h*p + 1115 = 9*p. Is p a composite number?
False
Let s(a) = -3*a + 155. Let i(r) = -r + 39. Let c(l) = 22*i(l) - 6*s(l). Let t be c(-21). Suppose -n - t + 643 = 0. Is n a composite number?
False
Suppose z - 4*o - 1492 = 0, -6025 = -4*z - o - 2*o. Let h(f) = f**3 - f**2 - 5*f + 7. Let m be h(3). Suppose -z - 126 = -m*g. Is g prime?
True
Let y = -860224 + 1587151. Is y a composite number?
True
Is 1472702/18 + (-402)/(-1809) a prime number?
True
Let i(m) = -32*m + 3. Let w be i(-6). Suppose -5*u + 9*c = 12*c - 430, 2*u = c + 172. Let b = w - u. Is b a prime number?
True
Is (-15)/((-165)/11)*1985 prime?
False
Let y = 8309 + -7686. Is y a composite number?
True
Let a be (-19)/(-4 + 5 + 0). Let f = a + 24. Suppose f*c - 254 = 3*c. Is c a composite number?
False
Let t be (-2 + 48/21)/((-1)/(-14)). Suppose t*c + c = 6995. Is c a prime number?
True
Suppose -87*g = -93*g + 12. Is g/4*(7 + -6)*2098 prime?
True
Suppose 18*y - 10 = 16*y. Suppose 2*n + 2*w - 248 = y*w, -5*n + 2*w = -598. Suppose -n - 69 = -j. Is j a composite number?
True
Suppose 2841 = 3*w + 5*a, 0 = -3*w - 4*a + 612 + 2229. Let j = -715 - -165. Let n = w + j. Is n composite?
False
Let a be 6/((-24)/(-27332)) + 6. Let p = -1650 + a. Is p composite?
False
Suppose -12*y + 3*y = -8145. Suppose -y*q = -908*q + 10953. Is q a prime number?
False
Suppose -5*t + 7*i = 11*i - 50, 0 = 5*t - i - 25. Suppose 5*k = -t*k + 3707. Is k prime?
True
Let y = 137 + -76. Let j = y + -66. Is 1918 - ((-128)/(-40) - (-1)/j) composite?
True
Suppose -51*x + 17931004 + 17166533 = 0. Is x composite?
False
Suppose -5*s + 2 = -13. Let h be (-20)/s - 1/(-9)*6. Let m(q) = 20*q**2 + 4*q + 1. Is m(h) composite?
True
Let m = -537 - -549. Suppose m*i = 15*i - 23397. Is i a prime number?
False
Suppose 21*t = -1313 + 5471. Suppose -193*o - 120965 = -t*o. Is o composite?
True
Is 8 - (0 - (724917 + -4)) a prime number?
False
Let w(q) = 26*q**2 + 86*q + 3466. Is w(63) composite?
True
Suppose -3*s - 2*b = -5135, -2*s - b + 3438 = 4*b. Let t = 1370 + s. Is t composite?
False
Let n(f) = -f**3 + f**2 + 20*f - 15. Let o(s) = -s**3 + 4*s**2 + 5. Let m be o(4). Let h(x) = -1. Let q(w) = m*h(w) - n(w). Is q(9) a prime number?
False
Let u(p) be the second derivative of -p**5/20 + p**3/3 - p**2/2 - 13*p. Let w be u(-2). Suppose -5*m - w*d + 3356 = -0*d, 1361 = 2*m - 5*d. Is m prime?
True
Let b(j) = 10112*j + 613. Is b(9) a composite number?
False
Let z be (2 + 1)/(9 + (-9300)/1030). Let k = 1134 + z. Is k a prime number?
True
Suppose 4*i = 4*j - 141168, 1692*j - 1695*j = -2*i - 105875. Is j composite?
False
Suppose -6 = -2*n + 2*t, -4*t = 2*n + 2*n - 20. Let h(d) = 6*d**3 - 5*d + 9. Is h(n) a composite number?
False
Let k be 4*(-4)/16*-1805. Suppose -3*l + 4*s = -16054 - k, -29765 = -5*l - s. Is l a composite number?
False
Is (-2)/(-9) - -10488873*1/27 a composite number?
False
Let c(k) = 175*k**2 + 93*k + 505. Is c(-6) a composite number?
False
Suppose -x - 20 = 3*z + 3*x, 0 = 4*z - 4*x - 20. Suppose z = 3*p + p - 19940. Is p prime?
False
Let q = 10 + -5. Suppose 2*h + 63 = k + 2*k, -5*k + 155 = -q*h. Is (-195078)/h + 4/10 prime?
False
Suppose 132973 = 3*l - 4*j, l = 5*j - 5245 + 49540. Is l composite?
True
Let o(y) = 8*y + 4. Let s be o(1). Suppose s*h = -0*h + 120. Suppose 6*m = -h*m + 41872. Is m a composite number?
False
Is 15/(-20)*42700728/(-126) composite?
True
Is 5805156/(-56)*2/(-3) prime?
True
Is 1*479001/(-15)*(-7 + 2) composite?
False
Suppose 8*f + 40 = 3*f. Let v(u) = -877*u + 9. Let h be v(f). Suppose -3*g + h = 2*g. Is g prime?
False
Let n(l) = -3928*l - 234. Is n(-11) a composite number?
True
Let y be ((-5013)/(-45) - 11)*(64 + 1). Suppose -6*b + y = 88. Is b a prime number?
False
Let v(a) = 1 + 3 + 11*a + 11 + 184*a**3 - 198*a**3. Is v(-6) prime?
False
Let g(o) = 497*o**3 - 2*o**2 - 12*o - 8. Let v be g(-2). Let a = v - -21291. Is a a prime number?
False
Suppose -6 = -2*l, 40 = 5*m + 5*l - 0*l. Let s = 1278 + -1278. Suppose m*r + s*r - b = 1592, -5*r - 4*b = -1607. Is r a prime number?
False
Let m(b) = -9756*b + 9613. Is m(-4) composite?
True
Let n(l) = l - 3. Let q be n(7). Suppose 2*s - 3824 = q*a, 4*a - 3800 = -3*s + s. Let k = s + 411. Is k prime?
False
Let f = -3913 - -1926. Suppose -u - 1061 = 5*l, 2*l + l = -2*u - 2129. Let t = u - f. Is t composite?
True
Let j(x) = 303*x - 15. Let w(l) = -1213*l + 58. Let z(p) = 9*j(p) + 2*w(p). Is z(2) a composite number?
True
Let r(o) = 29*o**2 - 68*o + 19. Let v(q) = -57*q**2 + 137*q - 36. Let f(i) = -11*r(i) - 6*v(i). Is f(18) a composite number?
True
Suppose 2*q = -21*w + 24*w + 56826, 0 = 2*w. Suppose 0 = -4*c - 4*z + 62012, 2*c + z - 2591 - q = 0. Is c a composite number?
True
Let z(g) = -3634*g**3 + 12*g**2 + 9*g. Is z(-1) a composite number?
False
Suppose 5*z + 310992 = 1624447. Suppose -10*x + 18439 + z = 0. Is x prime?
False
Let w(g) = 3*g**3 - 19*g**2 + 15*g + 2. Let j be w(7). Let h = j - -898. Is h a prime number?
True
Let x(t) = 28*t + 27. Let g be ((-84)/9)/(3/(-18)*4). Is x(g) a prime number?
True
Let a = -360731 - -667750. Is a a prime number?
True
Suppose 2*r + q - 3*q - 92152 = 0, -2*r - 2*q = -92156. Let f = -81963 + r. Is ((-14)/(-21))/((-4)/f) composite?
False
Let g be ((7 - 1) + 2)/((-4)/(-10)). Suppose -68*u - g = -73*u. Suppose 683 = 2*s - 5*k + 2*k, -3*s + 1023 = -u*k. Is s composite?
False
Let m = 153 - 173. Let k(j) = -j**3 - 8*j**2 + 12*j - 7. Is k(m) a prime number?
False
Suppose -o - 5*j + 17881 = 0, 2*j - 8809 = o - 26718. Suppose o = w + 2248. Is w a prime number?
False
Suppose 4*z - 2569 = -y, 0 = -2*y - 264*z + 261*z + 5153. Is y a prime number?
False
Let t(q) = 124*q**2 + 147*q - 3628. Is t(21) composite?
True
Let f = 2460 - 1519. Suppose 580 + f = o - u, 3*o - 4561 = 4*u. Is o composite?
False
Suppose 13*m - 5*m = 0. Suppose -5*p = 10, m*s + 5*s - 5*p = 6725. Let v = -894 + s. Is v prime?
True
Let u(c) = -2*c**3 + 3*c**2 - 17*c + 5. Let d(a) = 3*a**3 - 3*a**2 + 17*a - 5. Let n(x) = -3*d(x) - 4*u(x). Let q be n(-6). Is (q*1657*2)/(-12 + 14) prime?
True
Let h = -1413 + 2089. Suppose 23*y = 27*y. Suppose y = -2*i + h + 328. Is i a composite number?
True
Let i(m) = -m**2 + 19*m. Let w be i(19). Suppose 14*f - 18*f + 1276 = w. Is f a composite number?
True
Suppose -2*z + 3*z - 6 = m, 2*m + 8 = z. Suppose -7048 = -4*h + 4*d, 2*h + 3504 = z*h + 2*d. Is h a prime number?
False
Let o be (-12 + 10)/(-2) - 1*-2. Suppose 5*a - 4 = o*a, 3*v - 14503 = -5*a. Is v prime?
True
Let f = -1816 - -1803. Let m(r) = r**3 - 3*r**2 - r - 12. Let j(q) = q**3 - 2*q**2 - 2*q - 13. Let l(o) = -4*j(o) + 3*m(o). Is l(f) a composite number?
False
Suppose 3*c - 4*d + 141 = -134, 3*c + 2*d = -263. Suppose -g - 4*g + 190 = 0. Let o = g - c. Is o a prime number?
True
Let b be 237845/65 - 3/((-117)/(-6)). Suppose 4*g - b = -1259. Suppose 494 = a - f - g, 5*a - 5500 = -5*f. Is a a prime number?
True
Let c = 44368 + -28186. Let z = c - 6215. Is z composite?
False
Suppose -67*p + 30 = -61*p. Let h(z) = -14*z + 1. Let c be h(-1). Suppose 5*n + 369 = 2*f - 464, -p*n - c = 0. Is f a composite number?
False
Suppose 0 = 16*q - 2229194 - 1585462. Suppose 18*b - q = -30*b. Is b composite?
False
Suppose 3*h = 4*t - 69, -2*t + 0*h + 3*h + 39 = 0. Suppose 13*s - 14*s = -t. Suppose -2093 = -s*f + 1192. Is f a composite number?
True
Let s be (-6)/(0 - 6/1732). Suppose 2*m = s + 4132. Let